ime?
True
Let s be (-6)/2*(-1 - 1). Suppose -3*j = 3*u + s, -3*j - u + 0*u = 2. Suppose -3*b = 5*t - j*t - 415, 0 = t + 4. Is b a prime number?
False
Let p(r) = -575*r + 535. Is p(-6) prime?
False
Is (842/15 - (-12)/(-90)) + -1 a composite number?
True
Suppose 5*v - 68501 = 2*w + 56, 2*v - 27420 = -2*w. Is v a prime number?
True
Is (-6 - 0)*(17 + 144549/(-54)) prime?
True
Let j(y) = 40*y**3 - 2*y - 2. Let o(c) = 20*c**3 - c - 1. Let f(x) = 6*j(x) - 11*o(x). Let a be ((-21)/28)/((-3)/8). Is f(a) a prime number?
True
Let f(m) = -825*m - 28. Is f(-13) composite?
True
Let j(n) be the third derivative of -n**5/12 + n**4/8 - n**3/3 - 6*n**2. Let x be j(1). Let p(q) = -64*q + 3. Is p(x) a composite number?
True
Let h = 5483 - 3456. Is h a composite number?
False
Let k be ((-3)/9*3)/1. Let x(t) = -390*t**2 - t - 1. Let u be x(k). Let y = u + 657. Is y prime?
False
Let s be (-99)/(-6) - 1/2. Suppose 4*p + s = 4, -2*p = -d + 593. Is d composite?
False
Is 22917*(9 + 312/(-36)) a prime number?
True
Suppose 2*x = -13*v + 14*v + 151379, -4*x - 4*v + 302728 = 0. Is x a prime number?
False
Let r = -660 + 1554. Suppose 5*q - 3*q = r. Is q composite?
True
Let o = 14370 + -4727. Is o composite?
False
Let m(u) = -190*u**3 + 5*u**2 - 21*u - 13. Is m(-6) a prime number?
True
Let z(l) = -81*l**3 + 8*l**2 - 8*l - 49. Is z(-6) composite?
False
Let w(o) = 148*o**2 + 29*o + 97. Is w(-14) a prime number?
False
Let o(i) = 4*i**3 - 19*i**2 + 11*i - 16. Let q(l) = 3*l**3 - 13*l**2 + 7*l - 11. Let g(n) = 5*o(n) - 7*q(n). Let t = 75 - 81. Is g(t) composite?
True
Let w(s) = 45*s**2 - s + 1. Let m be 15/(-6) + 9/(-6). Let o be w(m). Suppose 5*j - o = -5*d, -5*d = 3*j - 688 + 253. Is j prime?
False
Let f = 60 - 63. Let t(k) = 156*k**2 - 5. Is t(f) a composite number?
False
Let t be (-1)/(-2)*-10 - 2. Let y = t + 11. Suppose 0 = y*u - 849 + 109. Is u composite?
True
Let m(r) = -660*r - 59. Is m(-3) prime?
False
Suppose 5*f = 3*q - 6, 2*q + 0*q - 4 = -4*f. Suppose 0 = 4*g - q*g - 4780. Suppose -g = -0*i - 2*i. Is i composite?
True
Suppose 5975 = -11*u + 63373. Is u prime?
False
Let d = 13 - 14. Let q = 1 + d. Suppose -3*j = -q*j - 261. Is j a composite number?
True
Suppose 5 = -u + 8. Suppose 2*k + u*r = -k - 1053, -k + r - 341 = 0. Let m = -169 - k. Is m a composite number?
True
Suppose -126 = 33*j - 40*j. Suppose j*x + 14514 = 24*x. Is x a composite number?
True
Let y = -4369 - -17262. Is y a prime number?
True
Let s = 289 + -159. Let r(a) = -10*a + 4. Let t be r(-6). Suppose -t = -2*c + s. Is c a composite number?
False
Suppose -m + 0 = 5. Let z(q) = 21*q + 11. Let w be z(m). Let r = 160 - w. Is r prime?
False
Let z be -3 + ((-15255)/(-5) - -4). Let k = z + -2131. Is k a composite number?
True
Suppose -82 = -x - 85. Is -4911*(x + 16/6) a prime number?
True
Let v be (2/(-3))/((-10)/30) - 1. Is v + (2/((-4)/(-2)) - -113) composite?
True
Let k(d) = 148*d**2 + 5*d. Let s be k(-4). Suppose 4*f + 0*f - s = 0. Is f composite?
False
Suppose -4*z - 6 = -7*z. Suppose z*p - 78 = -2*m - 2*p, 3*m + 2*p = 109. Is m composite?
True
Let k(n) = -2*n**3 + 6*n + 4*n - 3*n**3 + 2*n**2 + 7 + 3*n**3. Is k(-7) prime?
False
Let r = -11 - -19. Let x(c) be the third derivative of 45*c**4/8 - 19*c**3/6 + 434*c**2. Is x(r) composite?
False
Suppose 61245 = 3*t + 6*t. Suppose -20*a + t = -15*a. Is a a composite number?
False
Let m = 2604 + -1753. Is m a prime number?
False
Let p = -130 + 58. Let f = 173 - p. Let x = f - -224. Is x prime?
False
Suppose 0 = 3*m - 1 - 14. Suppose f = m*f + 208. Let k = f + 101. Is k composite?
True
Suppose 9*o - 31479 - 117444 = 0. Is o composite?
False
Is 2/(366452/(-61081) - (1 - 7)) a composite number?
False
Let g(o) = 2*o**2 + 6*o + 2. Let y be g(-3). Let x(j) = 444*j**3 + 2*j**2 - 3*j + 9. Is x(y) composite?
True
Let k(i) = -i**2 - 4*i - 2. Let m be k(-6). Let z be 36/(-10) - (-20)/(-50) - 24. Is 4/m - 7428/z composite?
True
Suppose -4*y + 8*y = 0. Suppose 4*k + 3394 - 20998 = y. Is -5*(k/(-15))/3 a prime number?
False
Is (5 - (2 + 0)) + 31495 + 1 composite?
True
Is -1 + 3318*7/7 a composite number?
True
Let c = -62 - -63. Is ((-2267)/c)/(8/(-16)*2) prime?
True
Let a(r) be the third derivative of -r**6/120 - r**4/24 + 67*r**3/3 + 3*r**2. Is a(0) a composite number?
True
Suppose 0 = u - 7 + 3. Let i be (2 - 6/u)*0. Suppose -2*d + 1174 = -i*d. Is d prime?
True
Let y(f) be the first derivative of 165*f**2/2 - f + 28. Is y(2) prime?
False
Let k(z) = -5*z + 1 + 3*z - 6 - 5. Let d be k(0). Is (-2)/d + 664/5 composite?
True
Suppose n + 3*s = 7*s + 2477, -3*n - 2*s + 7417 = 0. Suppose 487 - n = -4*g - 5*t, 3*g - 1507 = 5*t. Is g prime?
True
Let z(i) = -2*i - 4. Let t be z(4). Is 66 + (-3)/(t/(-4)) prime?
False
Suppose 20257 = 14*i + 4367. Is i composite?
True
Suppose -t = x - 2 - 5, -11 = -3*x + 2*t. Suppose -2 = -q + 2, 0 = -x*k - 5*q + 27205. Is k a prime number?
True
Let y = -102 - -103. Is (8/((-8)/(-213)))/y composite?
True
Suppose 4*t + y - 13827 = 0, 0 = 76*t - 72*t + 4*y - 13824. Is t a composite number?
False
Let m(o) = 1218*o - 4. Let t be m(3). Let v = t - 2032. Is v a prime number?
False
Suppose -6*t + 11*t = 15. Suppose w - 15 = -3*z, -t*z - 2*z + 45 = 5*w. Is 8/(-6)*(-261)/w prime?
False
Suppose 20*o = 19*o + 4. Suppose u - 2627 = -5*g + 3*g, u - 2639 = o*g. Is u a composite number?
True
Is (-1 + 7 - 3)*46798/6 a composite number?
False
Suppose -4*r = 5*y + 284, 5*y + 3*r + 282 = r. Let h = -26 - y. Is ((-865)/10)/((-3)/h) a prime number?
False
Let u be ((-6)/(1 - -2))/((-1)/11). Suppose k = u + 37. Is k prime?
True
Let f(u) = u**2 + 35147. Is f(0) a prime number?
False
Let j(t) = 3765*t**2 - 54*t + 101. Is j(2) composite?
False
Suppose -11 = h - i, h - 1 = i + 3*i. Is ((-3995)/h)/(2/(-3) - -1) a composite number?
True
Is 486 - (5 + -9 + 1/(-1)) a prime number?
True
Let y = 11803 - 7610. Is y composite?
True
Let g = 14 - 12. Is ((-1)/2)/(g/(-508)) prime?
True
Let d(v) = 365*v**2 - 3*v + 3. Let g(q) = q**2 - 7*q + 2. Let l be g(7). Let r be d(l). Suppose -2*f = -5*t + r, -2*f - 328 - 836 = -4*t. Is t composite?
False
Let j(p) = -3*p**3 - 3*p**2 + 11*p - 43. Is j(-14) composite?
True
Suppose 4*s + 5*a = 11367, -8534 = 6*s - 9*s + 5*a. Is s a prime number?
True
Suppose -11*u + 13*u - 10 = 0. Let s(k) = 20*k**2 - 2*k + 9. Is s(u) a prime number?
True
Let q(v) = 2748*v + 367. Is q(5) prime?
True
Is (-1 - (-8)/4)/(7/27881) composite?
True
Let b = 91 + -86. Suppose 7*d - 2*x = 4*d + 8191, -13635 = -b*d - 5*x. Is d a prime number?
True
Let m = -606 - -99. Let s = m - -755. Suppose 0 = 6*h - 2522 + s. Is h a composite number?
False
Suppose -3*a - 16*b + 21*b = -474884, 0 = -2*a + 3*b + 316589. Is a prime?
True
Suppose -b + n + 6436 + 4312 = 0, -2*b - 5*n = -21531. Is b a composite number?
False
Let k(r) = -47*r**3 + 13*r**2 - 3*r - 1. Is k(-10) a prime number?
False
Let l = 10368 + -6915. Is l composite?
True
Let o(i) = i**3 + 14*i**2 - 3*i + 11. Is o(-11) composite?
True
Suppose 0 = -0*q + 2*q + 8. Let w = q - -2. Is 1*(-131)/2*w composite?
False
Let q(t) = t**2 - 19*t + 6. Let b(k) = k + 1. Let m(v) = 5*b(v) + q(v). Is m(18) composite?
False
Suppose -104640 = 34*i - 560138. Is i a composite number?
False
Let a = -11 - -15. Suppose 0 = 87*b - 77*b - 3660. Suppose 3*g + 197 = x + 8*g, -2*x + a*g + b = 0. Is x composite?
True
Suppose 4*s = 4 + 16. Let y = -11 + s. Is (3/y)/((-3)/2118) a prime number?
True
Let x(o) = -o - 6. Let u be x(-11). Let w = 9 - u. Suppose 109 - 544 = -t - w*g, 3*t + 5*g = 1277. Is t a composite number?
False
Let r = 6235 + -1413. Is r composite?
True
Suppose 91*g - 94*g - 5*v = -449262, 4*g - 2*v = 598990. Is g composite?
False
Suppose 2*i = -4, 4*i + 0*i = 2*o + 2460. Let y be 5/(-40) + o/(-16). Is y + -2*(-1 + 0) a composite number?
False
Suppose -4*v - 121 = 31. Let q = 59 - v. Is q prime?
True
Let a = 23 - -1376. Is a a composite number?
False
Let b(i) = 2 + 0*i**3 + i**3 + 7*i**2 + 5*i + 1. Let c be b(-6). Suppose c*r = 10*r - 298. Is r a composite number?
True
Let p = 56 + -32. Is 12*-3*(-134)/p prime?
False
Suppose -g - 9235 = 6*t - 11*t, 0 = -3*g. Is t composite?
False
Let n = 52 - 46. Suppose n*x - 1087 = 5*x. Is x a prime number?
True
Let h(r) = r**2 - 3*r. Let d be h(3). Let g be 12/2 + d/2. Is ((-42)/g)/((-1)/59) composite?
True
Let k